e 14 - 16 - 1*-362. Let q = -5 + 9. Suppose -8*l + k = -q*l. Calculate the remainder when l is divided by 23.
21
Let n = 39266 - 37782. What is the remainder when 1490 is divided by n?
6
Let y(p) = 39*p**2 + 5*p - 37. What is the remainder when y(11) is divided by 46?
45
Let f(p) = p**3 - 14*p**2 - 37*p - 28. Let r be f(17). Suppose -r = 5*a - 1195. Calculate the remainder when a is divided by 51.
44
Let k(x) = 8*x + 13*x**2 + x**3 - 2*x**2 - 1 - 7 - 2. Let a be k(-10). Suppose d - a*d = -720. What is the remainder when d is divided by 27?
26
Let b be 315/(-42)*5/(20/(-16)). Suppose -6*o = -240 - b. What is the remainder when o is divided by 16?
13
Let p = -588 - -864. Let o(u) = -u**2 + 3*u + 236. Calculate the remainder when p is divided by o(-12).
52
Let j(o) = 12*o**2 + 24*o + 5. Let y be j(-2). Let u(w) be the third derivative of w**4/6 + 3*w**2. What is the remainder when u(y) is divided by 8?
4
Suppose -5*b + 4*k = -133, -3*b + k = b - 102. Let o = -2491 - -2497. Calculate the remainder when b is divided by o.
1
Suppose 2*w = -5*g + 56, 0 = -w - 52*g + 55*g + 50. What is the remainder when 125 is divided by w?
11
Let h(p) = -p**2 + 13*p - 18. Suppose 9*n + 2194 - 421 = 0. Let y = n - -387. Calculate the remainder when y is divided by h(10).
10
Let d(p) = -p**2 + 14*p + 10. Let u = 162 + -149. What is the remainder when d(u) is divided by 12?
11
Calculate the remainder when 825 is divided by ((-30)/105 - 141/21) + 296/2.
120
Let w(u) = 2*u + 28. Let a be w(-14). Suppose -5*i + 2*i + 5*f + 543 = a, -5*f + 15 = 0. Let z = i - 112. What is the remainder when z is divided by 20?
14
Suppose 0 = 4*w + 5*q - 52 - 53, 0 = -2*w + 4*q + 46. Suppose 0 = -7*m + 981 + 3849. Calculate the remainder when w is divided by 4/18 - m/(-54).
12
What is the remainder when 337 is divided by ((-30)/(-7))/(5/(-2275)*-13)?
37
Suppose -90 = -23*a + 8*a. Suppose r = a*r - 45. What is the remainder when 134 is divided by r?
8
Let v(m) = 48*m**2 - 2*m. Suppose 0 = -5*s + 4*f + 17, 6 = -0*f - 2*f. Calculate the remainder when v(s) is divided by 12.
10
Let y = -263 - -183. Let c = -48 - y. Calculate the remainder when c is divided by 1620/228 + 4/(-38).
4
Let v = -7916 + 13061. Calculate the remainder when v is divided by 1711.
12
Suppose 0 = 2*t + 27 - 181. Let z = 566 - 538. Calculate the remainder when t is divided by z.
21
Let z be ((-4)/(-8))/((-3)/(-24)). Let p(j) = 6*j**3 + j - 4*j**3 + 2 - z*j**3 + j**3. Calculate the remainder when p(0) is divided by 1.
0
Let p = -196 - -380. Suppose -p*d + 198*d - 336 = 0. What is the remainder when 234 is divided by d?
18
Let p be ((-136)/(-28))/(((-20)/28)/(-5)). Suppose 12*m - 6348 = -p*m. What is the remainder when m is divided by 18?
12
Calculate the remainder when (-6)/(-6)*(61 + -1) is divided by -26 - -15 - -34 - 10.
8
Suppose 445*m - 4829 = 434*m. Calculate the remainder when m is divided by 22.
21
Let s = -2935 - -4189. What is the remainder when (-684)/s - (-479)/11 is divided by 3?
1
Let r be (37/5 - 1)*(-50)/(-4). Suppose 2*g + 4*a - 96 = 24, -5*a - 156 = -2*g. Let j = r - g. Calculate the remainder when 21 is divided by j.
9
Suppose 20*m - 24640 = 8960. Suppose -31*t + m = 4*t. Calculate the remainder when t is divided by 1 - (0 - 1) - -8.
8
Suppose -1 = v - 2*f, -v = -4*v - 5*f + 8. What is the remainder when 43 is divided by (-1)/(v/((-55)/5))?
10
Suppose 4*s - 90 = -3*n, -5*s = -2*n - 26 + 86. What is the remainder when 563 is divided by n?
23
Let l be (1 + 0)*4 + 1 + -1. Suppose 2*g - 4 = 4*x + 20, l*g - 8 = 0. What is the remainder when 12 is divided by ((-5)/(-3))/(((-10)/6)/x)?
2
Let h(x) = x**2 - 9*x + 14. Let l be h(7). Suppose 3*k + 8 - 2 = l, -3*k = y + 184. Let w = -123 - y. What is the remainder when w is divided by 14?
13
Suppose -3*g + 4*o + 0*o + 19 = 0, 4*g - 17 = -3*o. Suppose 0 = -f + 5*c + 61, g*f + c - 354 = -127. What is the remainder when 67 is divided by f?
21
Let w = -789 - -793. Suppose w*v - 5*d - 144 = -6*d, 0 = -5*v - 3*d + 173. Calculate the remainder when 369 is divided by v.
36
Suppose -1177*s + 1196*s - 3803 = -801. What is the remainder when 354 is divided by s?
38
Calculate the remainder when 217 is divided by (-5)/(((-1)/7)/(-9 + 12)).
7
Let j be -1 - ((-5)/4)/(4/16). Suppose j*l = -2*x + 5*x + 7, l = -3*x + 13. What is the remainder when 49 is divided by x?
1
Suppose -4*c - 2 = -3*p - 7, -2*c + 13 = -5*p. What is the remainder when 1/3 - (1694/(-21) - 13) is divided by c - -24 - 6/(-6)?
22
Let i(f) = -f**2 - 40*f - 362. Calculate the remainder when 105 is divided by i(-24).
17
Calculate the remainder when -13 + (488 - (16 + -15)) is divided by 161.
152
Let k = 38 - 34. Suppose 0 = -3*f - a - 1, 4*f + f - 4*a = k. Suppose -13 = -t - f*t. What is the remainder when 49 is divided by t?
10
Let f(u) = -u + 27. Let d(g) = -g**2 - 11*g - 2. Let w be d(-11). Let x be ((-28)/10)/(w - (-11)/5). Calculate the remainder when 120 is divided by f(x).
38
Suppose 5*y + 7 - 2 = 0. Let c = y + 8. Suppose 5*t - 32 - 23 = 0. What is the remainder when t is divided by c?
4
Let j = 15 - 12. Suppose 2*k = j*q - 7*q + 178, -5*k - 5 = 0. What is the remainder when q is divided by ((-1)/(-2))/((-2)/(-48))?
9
Suppose 616 = -9*p + 958. What is the remainder when 1367 is divided by p?
37
Let v be (30/(-1) - 0) + -1. Let t = 41 + v. Let p(j) = -j**3 + 14*j**2 + 7*j + 9. What is the remainder when p(14) is divided by t?
7
Calculate the remainder when 19859 is divided by (-112)/(-10) - (12 - 744/60)*2.
11
Let l(h) = -h**3 - 4*h**2 + 18*h - 58. Calculate the remainder when 1402 is divided by l(-8).
52
Suppose -x - 794 = -5*b, 0*b - 797 = -5*b - 2*x. Calculate the remainder when b is divided by 7*(-2)/(-2) + (-31 - -39).
9
Calculate the remainder when (6 + 91/(-14))/((-131817)/(-16478) - 8) is divided by 108.
97
Let l(h) = -h**3 - 18*h**2 - 17*h + 43. What is the remainder when l(-18) is divided by 76?
45
Suppose 22*p - 8273 = 9965. What is the remainder when p is divided by 32?
29
Suppose -m = -0*m. Let b be -12 + 9 + m/1. Let d(t) = -23*t - 8. Calculate the remainder when d(b) is divided by 21.
19
Let j be 169/(-4) - ((-150)/24 + 6). Let i be (-18)/j + 3/(-7) + 4. Suppose -s - 3*k = -6, i*k = -6 - 2. What is the remainder when s is divided by 5?
2
Calculate the remainder when 153088/65 + ((176/(-10))/8 - -3) is divided by 108.
88
Let p(y) = 76*y - 1190. Calculate the remainder when p(19) is divided by 82.
8
Let u = 6675 + -6630. What is the remainder when 1473 is divided by u?
33
Suppose -29*k = -34*k + 625. Suppose 6*i + k = 257. What is the remainder when 38 is divided by i?
16
Let u(p) = -p**2 - 166*p + 2011. Let w = -4 - -27. What is the remainder when u(11) is divided by w?
18
Suppose 8*f - 2*f - 144 = 0. Suppose f - 6 = 3*z. Suppose -2*k - 3*y + 14 = -5*y, -8 = -2*y. Calculate the remainder when k is divided by z.
5
Let p = 7357 - 3716. Suppose 209 = -12*m + p. Calculate the remainder when m is divided by 48.
46
What is the remainder when 2397 is divided by (-39*(-6)/(-18) - -5)*-10?
77
Suppose -270 = -3*m - 5*k, 4*m = -0*m - k + 360. Let w be (15/(-9))/((-1)/m). What is the remainder when w*(4 + (-14)/4) is divided by 19?
18
Suppose 9*l - 1023 = 597. What is the remainder when l is divided by 38?
28
Suppose 3*p - 39 = 39. Suppose 95*n + 105*n - 170*n = 2220. Calculate the remainder when n is divided by p.
22
Let q(x) = -x**3 + 9*x**2 + 12*x - 3. Let v = 638 + -632. What is the remainder when q(v) is divided by 89?
88
Suppose 35*v = 31*v + 124. Suppose 36938 = -298*i + 344*i. Calculate the remainder when i is divided by v.
28
Suppose -869 = -t - 2*z - 650, 4*t - 2*z = 806. What is the remainder when 385 is divided by t?
180
Suppose -5*n - 3*l = -4*l - 8, -4*l + 2 = -3*n. Suppose 5*x - 10*x + 3*v + 49 = 0, -32 = -n*x - 5*v. Calculate the remainder when 47 is divided by x.
3
Suppose -16*d - 13*d = -5452. Calculate the remainder when d is divided by 25.
13
Let f(r) = r**3 - 8*r**2 + 13*r - 6. Let t be 2257/4 + 76/16 + -5. Let x be t/84 - 1*(-2)/7. What is the remainder when 67 is divided by f(x)?
31
Suppose -4*y = -39 + 11. Suppose 2*b - 278 = 5*c + 52, -10 = 5*c. Suppose -38 - b = -11*p. Calculate the remainder when p is divided by y.
4
What is the remainder when (-218 + 62)/(3/(-8)) is divided by 